sor of 152 and 114.
38
What is the greatest common factor of 93 and 24?
3
Calculate the greatest common divisor of 95 and 20.
5
Calculate the greatest common factor of 5220 and 87.
87
What is the highest common factor of 111 and 25419?
111
What is the highest common factor of 7181 and 1837?
167
What is the greatest common divisor of 272 and 40?
8
What is the greatest common divisor of 44 and 902?
22
What is the highest common divisor of 2010 and 405?
15
Calculate the highest common factor of 38 and 513.
19
Calculate the greatest common factor of 2316 and 12.
12
What is the highest common divisor of 6 and 66?
6
What is the highest common factor of 2747 and 41?
41
What is the greatest common divisor of 496 and 112?
16
Calculate the greatest common divisor of 41 and 5699.
41
Calculate the highest common divisor of 280 and 2030.
70
What is the highest common factor of 70 and 110?
10
Calculate the highest common divisor of 21 and 357.
21
Calculate the greatest common divisor of 159 and 3.
3
Calculate the greatest common divisor of 6 and 288.
6
What is the highest common factor of 286 and 78?
26
What is the greatest common factor of 5580 and 180?
180
What is the highest common factor of 98 and 34?
2
What is the greatest common factor of 16166 and 822?
274
What is the greatest common divisor of 4156 and 12?
4
Calculate the highest common divisor of 7 and 917.
7
What is the highest common factor of 84 and 132?
12
Calculate the greatest common factor of 53618 and 83.
83
What is the highest common divisor of 306 and 4794?
102
Calculate the greatest common factor of 2583 and 63.
63
What is the highest common divisor of 1364 and 12?
4
Calculate the highest common divisor of 236 and 4484.
236
What is the highest common factor of 425 and 100?
25
Calculate the highest common factor of 27 and 144.
9
Calculate the greatest common divisor of 86 and 43.
43
Calculate the greatest common factor of 351 and 162.
27
Calculate the highest common factor of 36 and 40.
4
What is the highest common divisor of 216 and 640?
8
Calculate the greatest common factor of 45 and 30.
15
Calculate the greatest common factor of 21 and 875.
7
Calculate the highest common factor of 50 and 3050.
50
What is the greatest common divisor of 304 and 480?
16
Calculate the greatest common factor of 2712 and 96.
24
Calculate the highest common divisor of 31832 and 736.
184
Calculate the greatest common divisor of 1566 and 1782.
54
Calculate the highest common factor of 669 and 27.
3
What is the highest common divisor of 45 and 63?
9
What is the greatest common divisor of 50 and 410?
10
What is the highest common factor of 1991 and 11?
11
What is the greatest common factor of 64 and 32?
32
What is the greatest common factor of 2990 and 1040?
130
Calculate the highest common divisor of 77 and 638.
11
Calculate the highest common divisor of 2490 and 60.
30
What is the greatest common factor of 309 and 6283?
103
Calculate the greatest common factor of 23 and 7636.
23
What is the highest common divisor of 1 and 543?
1
What is the greatest common factor of 702 and 1378?
26
What is the greatest common divisor of 899 and 667?
29
Calculate the highest common factor of 96 and 654.
6
Calculate the highest common divisor of 62610 and 30.
30
Calculate the greatest common factor of 26157 and 3.
3
Calculate the highest common factor of 12 and 1068.
12
What is the highest common factor of 238 and 1?
1
Calculate the highest common divisor of 214 and 4.
2
Calculate the highest common divisor of 3088 and 208.
16
Calculate the highest common factor of 515 and 1133.
103
What is the greatest common factor of 2379 and 299?
13
Calculate the greatest common factor of 78 and 416.
26
Calculate the highest common factor of 986 and 34.
34
What is the highest common divisor of 38 and 1710?
38
What is the greatest common divisor of 480 and 300?
60
Calculate the greatest common factor of 22 and 1738.
22
What is the greatest common factor of 20 and 1610?
10
What is the highest common factor of 666 and 378?
18
Calculate the greatest common divisor of 104 and 520.
104
What is the highest common divisor of 6 and 66?
6
Calculate the greatest common factor of 20 and 20.
20
What is the greatest common divisor of 336 and 14?
14
What is the greatest common divisor of 144 and 63?
9
What is the greatest common divisor of 7035 and 105?
105
What is the greatest common factor of 6 and 2946?
6
Calculate the highest common factor of 250 and 20.
10
What is the greatest common factor of 1818 and 1010?
202
Calculate the highest common divisor of 192 and 12.
12
Calculate the greatest common factor of 1014 and 6.
6
Calculate the greatest common divisor of 224 and 182.
14
What is the highest common factor of 11 and 13761?
11
What is the greatest common factor of 473 and 43?
43
Calculate the highest common divisor of 44 and 748.
44
Calculate the highest common divisor of 5 and 35.
5
Calculate the highest common factor of 429 and 117.
39
What is the highest common factor of 29690 and 40?
10
What is the highest common factor of 1002 and 3?
3
Calculate the highest common factor of 29 and 29.
29
Calculate the greatest common factor of 36 and 5148.
36
What is the highest common divisor of 78 and 221?
13
Calculate the greatest common divisor of 119 and 6239.
17
What is the highest common divisor of 76 and 247?
19
What is the highest common factor of 216 and 11097?
27
Calculate the highest common divisor of 26 and 18.
2
What is the highest common divisor of 7 and 2471?
7
What is the greatest common divisor of 145 and 29?
29
Calculate the highest common factor of 2720 and 850.
170
Calculate the highest common divisor of 568 and 781.
71
Calculate the highest common factor of 91 and 7.
7
What is the highest common factor of 1570 and 350?
10
What is the greatest common factor of 9022 and 52?
26
What is the highest common factor of 21 and 609?
21
Calculate the highest common divisor of 1910 and 20.
10
What is the greatest common divisor of 300 and 3?
3
What is the highest common factor of 168 and 1632?
24
Calculate the greatest common divisor of 374 and 68.
34
What is the greatest common divisor of 120 and 1116?
12
Calculate the highest common divisor of 150 and 6.
6
Calculate the highest common divisor of 774 and 516.
258
What is the greatest common divisor of 8 and 384?
8
Calculate the greatest common divisor of 416 and 78.
26
Calculate the highest common divisor of 2585 and 55.
55
What is the greatest common factor of 5 and 135?
5
Calculate the highest common divisor of 305 and 5.
5
What is the greatest common divisor of 36 and 1020?
12
Calculate the highest common factor of 141 and 6.
3
What is the greatest common factor of 7365 and 30?
15
What is the highest common factor of 126 and 18?
18
What is the highest common divisor of 129 and 35346?
129
Calculate the greatest common factor of 11620 and 10.
10
What is the highest common factor of 3 and 5?
1
What is the highest common factor of 288 and 5376?
96
What is the highest common factor of 1029 and 861?
21
Calculate the highest common divisor of 10972 and 52.
52
What is the greatest common divisor of 85 and 119?
17
What is the greatest common factor of 123 and 13899?
123
What is the greatest common factor of 873 and 1261?
97
What is the highest common divisor of 161 and 77?
7
What is the greatest common divisor of 176 and 880?
176
What is the greatest common divisor of 21 and 39123?
21
What is the highest common divisor of 1014 and 36?
6
What is the greatest common factor of 250 and 120?
10
Calculate the greatest common divisor of 37 and 629.
37
What is the highest common factor of 1050 and 10050?
150
Calculate the highest common divisor of 799 and 34.
17
Calculate the greatest common divisor of 312 and 232.
8
Calculate the greatest common divisor of 40 and 56.
8
What is the highest common factor of 42 and 21?
21
Calculate the highest common divisor of 176 and 33.
11
What is the greatest common factor of 320 and 408?
8
What is the highest common factor of 3180 and 300?
60
What is the highest common divisor of 19 and 2?
1
What is the highest common factor of 46 and 529?
23
What is the greatest common factor of 20 and 1080?
20
Calculate the highest common factor of 1314 and 584.
146
Calculate the highest